hat is the tens digit of 995?
9
What is the units digit of 830?
0
What is the tens digit of 513?
1
What is the units digit of 280?
0
What is the tens digit of 1487?
8
What is the tens digit of 3775?
7
What is the tens digit of 7131?
3
What is the hundreds digit of 4959?
9
What is the hundreds digit of 10525?
5
What is the hundreds digit of 1338?
3
What is the thousands digit of 3754?
3
What is the thousands digit of 8097?
8
What is the thousands digit of 32600?
2
What is the units digit of 23097?
7
What is the units digit of 2068?
8
What is the hundreds digit of 18801?
8
What is the tens digit of 124954?
5
What is the units digit of 676?
6
What is the units digit of 837?
7
What is the hundreds digit of 3932?
9
What is the tens digit of 1312?
1
What is the thousands digit of 4802?
4
What is the hundreds digit of 16119?
1
What is the units digit of 3038?
8
What is the units digit of 138?
8
What is the units digit of 5459?
9
What is the hundreds digit of 748?
7
What is the thousands digit of 8136?
8
What is the tens digit of 6266?
6
What is the thousands digit of 24202?
4
What is the units digit of 249?
9
What is the units digit of 475?
5
What is the units digit of 14311?
1
What is the units digit of 44342?
2
What is the hundreds digit of 1030?
0
What is the units digit of 54003?
3
What is the units digit of 27309?
9
What is the ten thousands digit of 16849?
1
What is the units digit of 2750?
0
What is the tens digit of 2310?
1
What is the thousands digit of 167884?
7
What is the hundreds digit of 6518?
5
What is the thousands digit of 2139?
2
What is the tens digit of 2810?
1
What is the hundreds digit of 1021?
0
What is the units digit of 5070?
0
What is the tens digit of 13862?
6
What is the tens digit of 15798?
9
What is the ten thousands digit of 94792?
9
What is the thousands digit of 18057?
8
What is the units digit of 659?
9
What is the units digit of 2745?
5
What is the thousands digit of 57924?
7
What is the thousands digit of 4008?
4
What is the hundreds digit of 77824?
8
What is the tens digit of 3866?
6
What is the ten thousands digit of 34640?
3
What is the units digit of 93585?
5
What is the tens digit of 1030?
3
What is the thousands digit of 12574?
2
What is the units digit of 13320?
0
What is the tens digit of 3531?
3
What is the tens digit of 1658?
5
What is the tens digit of 5031?
3
What is the thousands digit of 4041?
4
What is the units digit of 9747?
7
What is the hundreds digit of 14338?
3
What is the hundreds digit of 7981?
9
What is the units digit of 53054?
4
What is the tens digit of 3384?
8
What is the hundreds digit of 54236?
2
What is the hundreds digit of 194107?
1
What is the units digit of 380?
0
What is the thousands digit of 69126?
9
What is the tens digit of 8202?
0
What is the tens digit of 52211?
1
What is the hundreds digit of 4724?
7
What is the units digit of 977?
7
What is the thousands digit of 5495?
5
What is the hundreds digit of 1303?
3
What is the hundreds digit of 691?
6
What is the tens digit of 2049?
4
What is the hundreds digit of 594?
5
What is the units digit of 8819?
9
What is the thousands digit of 2405?
2
What is the tens digit of 667?
6
What is the units digit of 3390?
0
What is the thousands digit of 97653?
7
What is the ten thousands digit of 82186?
8
What is the thousands digit of 31761?
1
What is the hundreds digit of 794?
7
What is the tens digit of 883?
8
What is the hundreds digit of 690?
6
What is the units digit of 5170?
0
What is the thousands digit of 51434?
1
What is the units digit of 15534?
4
What is the units digit of 21382?
2
What is the ten thousands digit of 10918?
1
What is the hundreds digit of 56957?
9
What is the units digit of 1246?
6
What is the thousands digit of 5318?
5
What is the ten thousands digit of 20799?
2
What is the units digit of 18553?
3
What is the units digit of 991?
1
What is the units digit of 33652?
2
What is the thousands digit of 1364?
1
What is the thousands digit of 2300?
2
What is the units digit of 14667?
7
What is the tens digit of 2778?
7
What is the units digit of 20973?
3
What is the tens digit of 15720?
2
What is the units digit of 32748?
8
What is the hundreds digit of 57846?
8
What is the hundreds digit of 57780?
7
What is the tens digit of 13973?
7
What is the tens digit of 3277?
7
What is the units digit of 1065?
5
What is the hundred thousands digit of 128137?
1
What is the tens digit of 15636?
3
What is the thousands digit of 72037?
2
What is the tens digit of 518?
1
What is the tens digit of 52449?
4
What is the hundreds digit of 2894?
8
What is the tens digit of 3935?
3
What is the ten thousands digit of 89671?
8
What is the units digit of 46713?
3
What is the thousands digit of 6288?
6
What is the thousands digit of 101853?
1
What is the tens digit of 650?
5
What is the hundreds digit of 6597?
5
What is the tens digit of 246?
4
What is the hundreds digit of 31724?
7
What is the units digit of 99370?
0
What is the hundreds digit of 181?
1
What is the units digit of 781?
1
What is the thousands digit of 5120?
5
What is the thousands digit of 10570?
0
What is the units digit of 161845?
5
What is the tens digit of 6372?
7
What is the tens digit of 347?
4
What is the thousands digit of 1788?
1
What is the tens digit of 165?
6
What is the tens digit of 54879?
7
What is the tens digit of 15637?
3
What is the tens digit of 599?
9
What is the tens digit of 27425?
2
What is the hundreds digit of 4513?
5
What is the units digit of 25089?
9
What is the tens digit of 4025?
2
What is the hundreds digit of 85752?
7
What is the ten thousands digit of 17543?
1
What is the units digit of 25?
5
What is the hundreds digit of 2345?
3
What is the hundreds digit of 48081?
0
What is the tens digit of 273?
7
What is the tens digit of 863?
6
What is the hundreds digit of 5620?
6
What is the tens digit of 31967?
6
What is the hundreds digit of 24659?
6
What is the hundreds digit of 3194?
1
What is the ten thousands digit of 53542?
5
What is the thousands digit of 99207?
9
What is the hundreds digit of 2333?
3
What is the units digit of 630?
0
What is the hundreds digit of 1457?
4
What is the hundreds digit of 1111?
1
What is the thousands digit of 5760?
5
What is the thousands digit of 21915?
1
What is the units digit of 33764?
4
What is the thousands digit of 11396?
1
What is the thousands digit of 1973?
1
What is the thousands digit of 1619?
1
What is the units digit of 478?
8
What is the hundreds digit of 171563?
5
What is the thousands digit of 17804?
7
What is the hundreds digit of 76301?
3
What is the thousands digit of 2099?
2
What is the ten thousands digit of 27916?
2
What is the tens digit of 3183?
8
What is the hundreds digit of 6434?
4
What is the hundreds digit of 1540?
5
What is the units digit of 4007?
7
What is the tens digit of 2074?
7
What is the thousands digit of 1204?
1
What is the hundreds digit of 3298?
2
What is the thousands digit of 16341?
6
What is the units digit of 460?
0
What is the units digit of 1130?
0
What is the units digit of 5624?
4
What is the units digit of 5596?
6
What is the ten thousands digit of 77979?
7
What is the tens digit of 1596?
9
What is the tens digit of 1179?
7
What is the tens digit of 9302?
0
What is the tens digit of 1042?
4
What is the hundreds digit of 49352?
3
What is the units digit of 393?
3
What is the hundred thousands digit of 120505?
1
What is the units digit of 1404?
4
What is the units digit of 2676?
6
What is the units digit of 9441?
1
What is the units digit of 9920?
0
What is the units digit of 2573?
3
What is the tens digit of 779?
7
What is the hundreds digit of 158?
1
What is the tens digit of 24805?
0
What is the units digit of 5521?
1
What is the ten thousands digit of 83758?
8
What is the thousands digit of 99254?
9
What is the tens digit of 1347?
4
What is the thousands digit of 1413?
1
What is the hundreds digit of 32483?
4
What is the units digit of 15379?
9
What is the tens digit of 1719?
1
What is the hundreds digit of 636?
6
What is the hundreds digit of 3413?
4
What is the units digit of 97?
7
What is the hundreds digit of 185?
1
What is the units digit of 1032?
2
What is the units digit of 8?
8
What is the hundreds digit of 291?
2
What is the units digit of 4107?
7
Wh